111201020
In base 6, what is 1031 - -2544544?
2550015
In base 8, what is 2343 - -161472?
164035
In base 15, what is 0 + 6089d2a?
6089d2a
In base 4, what is 22320 - 13233310?
-13210330
In base 16, what is 4 + -778bb?
-778b7
In base 3, what is -212220111222011102 + -12?
-212220111222011121
In base 10, what is 1 + 12928434?
12928435
In base 12, what is 1376b5 - 0?
1376b5
In base 10, what is 5 - -114422?
114427
In base 9, what is 102555 + -1633?
100822
In base 2, what is -1010010 - 1101011011001?
-1101100101011
In base 2, what is 111 + -1111111011101111011010011?
-1111111011101111011001100
In base 16, what is 23eb + de7?
31d2
In base 6, what is -214341 - -50324?
-124013
In base 2, what is 101 - -100100010011101000010111?
100100010011101000011100
In base 16, what is -5 - -36d86f?
36d86a
In base 16, what is 635cc + c?
635d8
In base 3, what is -20220112 - 210111222?
-1001102111
In base 10, what is -9680864 + 0?
-9680864
In base 5, what is 340214032 - 12?
340214020
In base 3, what is 10200100101 + -22122?
10200000202
In base 4, what is -21232 - 3031002?
-3112300
In base 3, what is -1021000202221221 + -10?
-1021000202222001
In base 6, what is -25 - 203441530?
-203441555
In base 3, what is 12 + -1011220111102110?
-1011220111102021
In base 15, what is -47 - a75530?
-a75577
In base 15, what is -67c21 - -49?
-67bc7
In base 15, what is 1 + -7da480?
-7da47e
In base 6, what is -2115 - 205540?
-212055
In base 8, what is -1 - -422274772?
422274771
In base 2, what is -1101001001001 - 1101110110101101?
-1111011111110110
In base 14, what is 5b306 - -308?
5b610
In base 5, what is -102 + 2032430323?
2032430221
In base 4, what is -23303332210 - 120?
-23303332330
In base 9, what is -31451 + 4608?
-25742
In base 9, what is -137 - -481318?
481171
In base 12, what is -129a5 - -15b?
-12846
In base 11, what is -4 - 9254022?
-9254026
In base 10, what is 9429613 + 17?
9429630
In base 16, what is -311a + -462?
-357c
In base 2, what is -1111011010010001001010 - -10111?
-1111011010010000110011
In base 14, what is 81 + -2723a?
-27199
In base 3, what is 0 + -200222222020101000?
-200222222020101000
In base 11, what is -63598 - -11?
-63587
In base 5, what is -2 + 421142101203?
421142101201
In base 10, what is 8 + -623440?
-623432
In base 7, what is -5 - -44236110?
44236102
In base 10, what is -4 - -2379392?
2379388
In base 2, what is 1111010111110001 - 11101000011101?
1011101111010100
In base 14, what is -533b8 - -d1?
-532c7
In base 9, what is 4 - -4752041?
4752045
In base 4, what is 102133200 + -232?
102132302
In base 16, what is -2b + -6db225?
-6db250
In base 4, what is 10012013031301 + 10?
10012013031311
In base 7, what is -153 + -11101?
-11254
In base 8, what is -46365 + 450?
-45715
In base 4, what is 22331 + 21101?
110032
In base 2, what is -101 - 1011001110111011001011000?
-1011001110111011001011101
In base 3, what is 1012101 + -2100100000?
-2022010122
In base 16, what is -2cd + 139d3?
13706
In base 3, what is -1102 - 1100011022202?
-1100011101011
In base 11, what is -1 + -1172420?
-1172421
In base 13, what is 1927829 + 5?
1927831
In base 13, what is 4 + -644cb4a?
-644cb46
In base 2, what is 100 + 1111001111010110000000101110?
1111001111010110000000110010
In base 8, what is 6 - 5243665?
-5243657
In base 16, what is 31 + -e706a?
-e7039
In base 3, what is 110122001 - -12102?
110211110
In base 6, what is 313 + 4245041?
4245354
In base 10, what is 15 - -151600?
151615
In base 2, what is -101011010 - 101000011101001?
-101001001000011
In base 7, what is -44154546 + 4?
-44154542
In base 9, what is -11 - -2170015?
2170004
In base 12, what is -256ab8452 - -2?
-256ab8450
In base 16, what is -4 - -5141b3?
5141af
In base 9, what is 141347 + 103?
141451
In base 9, what is 456 + -156332?
-155765
In base 12, what is 24179 - -1b1?
2436a
In base 4, what is -1011 - 1212102110?
-1212103121
In base 4, what is 2 + 1120011111?
1120011113
In base 15, what is 15 - 22cb8?
-22ca3
In base 8, what is 15520 + -36314?
-20574
In base 14, what is -5d789a - -7?
-5d7893
In base 3, what is -11 - -10201212211112?
10201212211101
In base 4, what is 12300000120 + -2223?
12233331231
In base 14, what is 63a110 - 0?
63a110
In base 2, what is -10110110110000001 + -1110010?
-10110110111110011
In base 15, what is 1 + 44e8b?
44e8c
In base 16, what is -597c - 1b6d?
-74e9
In base 13, what is 1aa142 - 1?
1aa141
In base 11, what is -1756589 - 4?
-1756592
In base 4, what is -3 - -1212113322330?
1212113322321
In base 12, what is 14044 + -11?
14033
In base 11, what is 6a54898 - -5?
6a548a2
In base 16, what is -4d146 - af?
-4d1f5
In base 7, what is 12 + -12242056?
-12242044
In base 7, what is -456 - -1334103?
1333314
In base 5, what is -2332013 + 13312?
-2313201
In base 11, what is -2 + -3a67671?
-3a67673
In base 15, what is dcb - 26a?
b61
In base 14, what is -3 - -c4b60?
c4b5b
In base 3, what is -20000101 - 20022012?
-110022120
In base 15, what is 2e929 - -2b6?
2ebe0
In base 14, what is 8cd6 - 14827?
-9931
In base 12, what is 2 + -109780a?
-1097808
In base 9, what is 1067632 - -14?
1067646
In base 4, what is -23320 - 10330313?
-11020233
In base 13, what is -488726 + 6?
-488720
In base 9, what is 834515 - -517?
835133
In base 10, what is -38625 + -39755?
-78380
In base 15, what is 17829 - 74?
177a5
In base 3, what is 210 - -222210200120112?
222210200121022
In base 8, what is -2 + 1617410526?
1617410524
In base 7, what is 11 - 110636323?
-110636312
In base 4, what is 2302000011 + 3?
2302000020
In base 5, what is 3002 - -2042003?
2100010
In base 11, what is 361 - -17079?
1742a
In base 5, what is 441401 + 22130?
1014031
In base 2, what is 11011101011110011 + -1001111011?
11011100001111000
In base 14, what is -299 - 18b9?
-1b74
In base 12, what is -1432 + 7051?
581b
In base 13, what is b26 + 41b6?
500c
In base 2, what is -11011 - 101010101001100000?
-101010101001111011
In base 9, what is -6 - -315373124?
315373117
In base 12, what is 44653 - 265?
443aa
In base 4, what is -3 - -331111203210?
331111203201
In base 9, what is 6038 + 1118?
7157
In base 12, what is 30811 - -b0b?
31720
In base 14, what is -2 - -30a076b?
30a0769
In base 14, what is 12488b + 89?
124936
In base 9, what is 16 - -713572?
713588
In base 10, what is -395 - -18489?
18094
In base 9, what is -3768 - 6522?
-11401
In base 15, what is -3 + badd29b?
badd298
In base 5, what is 3434334 + -121?
3434213
In base 13, what is 1b2 - -6b089?
6b26b
In base 7, what is -1555341601 - 21?
-1555341622
In base 2, what is 1101011 + -10000000000111001110?
-10000000000101100011
In base 2, what is 100010 + -100010001111011000111?
-100010001111010100101
In base 2, what is 10 - -10011100000011010011100?
10011100000011010011110
In base 8, what is -5 - -52151445?
52151440
In base 13, what is -41 + c32475?
c32434
In base 16, what is 2b7ff - -16?
2b815
In base 9, what is 11 - -151468085?
151468106
In base 2, what is 1011111110 - -110110101101011101?
110110111001011011
In base 13, what is -1 + 90ba047?
90ba046
In base 2, what is -1010011001111111111 + -1110?
-1010011010000001101
In base 4, what is 3 - -31203110331?
31203111000
In base 12, what is -578349 + -305?
-578652
In base 16, what is 91f34 + 31?
91f65
In base 14, what is 2 + -25736200?
-257361dc
In base 15, what is -6ad - -3069b?
2eedd
In base 15, what is -12769 + b1?
-126a8
In base 7, what is -12 - -33352206?
33352164
In base 9, what is 112 + -15753848?
-15753736
In base 2, what is 10110101010111111000000000 + 10000?
10110101010111111000010000
In base 13, what is 17 + b294ab?
b294c5
In base 5, what is -1420110413 + 0?
-1420110413
In base 11, what is -7889298 + 1?
-7889297
In base 6, what is -30 + -11200354?
-11200424
In base 3, what is -2001101101 + -2002122?
-2010111000
In base 12, what is -326831 - 4?
-326835
In base 8, what is 51403764 + -26?
51403736
In base 6, what is 332 - 22151320?
-22150544
In base 4, what is -23000210012 + 10?
-23000210002
In base 7, what is 661 - 123401?
-122410
In base 8, what is 5 - 563310502?
-563310475
In base 11, what is -186 - 21186?
-21361
In base 5, what is -104 + -13140420203?
-13140420312
In base 13, what is -22892027 - 4?
-2289202b
In base 16, what is 16d06b - c?
16d05f
In base 14, what is 12 - -21d3a?
21d4c
In base 12, what is -124741a1 - -1?
-124741a0
In base 7, what is 455 + 51530?
52315
In bas